econd derivative of d**5/20 + d**4 - d**3/3 + 2*d. Let f(r) = 7*u(r) - 5*x(r). Let y = 7475 - 7473. What is f(y)?
6
Let y(l) = -3*l**3 + 3*l**2 - 2. Suppose -q + 5 - 6 = 0. Let r be (-1)/((-4)/(-8) + q). What is y(r)?
-14
Let p = 176 + -176. Let q(r) = -r**2 - r + 4. What is q(p)?
4
Let j(r) be the third derivative of r**6/60 + r**5/15 - r**4/12 + r**3/3 + 7*r**2 - 29. What is j(-4)?
-54
Let u(i) = -i**3 - 5*i**2 + 2*i + 5. Let b(g) be the third derivative of -g**5/20 - g**4/3 - g**3/2 - g**2. Let k be b(-7). Let o be k/18 - 14/(-63). Give u(o).
-5
Let k(r) = -r + 4. Let s(v) = 3*v - 15. Let y(q) = -3*q. Let g be y(4). Let p be 38/6 - 8/g. Let t be s(p). Calculate k(t).
-2
Let r(n) be the second derivative of 1/24*n**4 + 0*n**3 - n**2 - 1/10*n**5 - 5*n + 0. Let j(m) be the first derivative of r(m). Calculate j(-1).
-7
Let z be (0*2/(-4))/(-2). Let a = z - -4. Let o(g) be the first derivative of -g**4/4 + 4*g**3/3 + 5*g - 785. What is o(a)?
5
Let o(v) be the first derivative of -v**5/60 + v**4/12 + v**3/6 + 3*v**2/2 - 1. Let k(x) be the second derivative of o(x). Let c = 109 - 107. Give k(c).
1
Let z(b) = b**2 - 5*b + 9. Suppose 134*t - 164*t = -120. Determine z(t).
5
Let s(d) = d + 3. Let q(f) = -f - 2. Suppose -3*z - k + 12 = -2*k, -3*k - 11 = -4*z. Let x be q(z). Let t = x - -1. What is s(t)?
-3
Let x be (25/3 - 8) + (-4 - (-96)/9). Let y(j) be the first derivative of -j**3/3 + 5*j**2 - 10*j + 2. Determine y(x).
11
Let t(c) = -6*c + 3 + 5 - 7 + c**2. Let g(d) = -5*d - 10. Let i be g(-3). Give t(i).
-4
Let o(u) be the first derivative of -u**4/2 - 2*u**3/3 + u**2 + 4*u - 2. Let p(d) = -3*d**3 - 3*d**2 + 3*d + 6. Let k(m) = 8*o(m) - 5*p(m). Determine k(2).
-8
Let h = 25 + -18. Suppose -1 = -y + k, h*y - 3*k = 3*y + 7. Let j(m) = 2*m + 4. Give j(y).
12
Let q(y) = 4*y - 4*y - 2*y + y - 10. Let m be q(-6). Let n be m*(-1 - (-4)/8). Let l(o) = -o + 4. Calculate l(n).
2
Let u(a) be the second derivative of -2/5*a**5 + 0*a**4 + 1/2*a**2 + 0 - 1/3*a**3 - 2*a. Suppose 25*y = 23*y + 2. Calculate u(y).
-9
Let s(h) = h**3 - 5*h**2 - 2*h + 5. Let o = 66 - 58. Let t be -1*26/(-2)*1. Let r = t - o. Calculate s(r).
-5
Let x(a) = 6*a**2 - 9 - 3*a + 9*a - 8*a**2. Let g(k) = -3*k**2 + 9*k - 14. Let m(b) = 5*g(b) - 8*x(b). Give m(4).
6
Let y(b) = 8*b**3 + 12*b - 9*b**3 + 3*b**2 - 2*b. Give y(5).
0
Let m(p) = 187 - p - 560 - p**2 + 187 + 189. Determine m(-4).
-9
Let d(m) = m**3 - 7*m**2 + 12*m - 73. Let b be d(7). Let c(j) = -j**3 + 12*j**2 - 11*j - 2. What is c(b)?
-2
Suppose -10*o - 180 = 2*o. Let d(w) = -w**2 - 16*w - 18. Determine d(o).
-3
Let c be 45/(-10)*4/(-6). Suppose 12 = 3*a + a, 3*t - 18 = -c*a. Let n(k) = 0 - t - 4*k**2 + 0*k**3 + k**3 - 2*k + 5*k. What is n(4)?
9
Let z(q) be the second derivative of -q**3 + 3*q**2/2 + q + 13. Give z(3).
-15
Let u(x) = -x**2 - 4*x + 6. Let t be u(-5). Let z(g) = 24*g**3 - 9*g**3 - 13*g**3 + t + 2*g + 3*g**2. Suppose -8 = -3*p + 7*p. What is z(p)?
-7
Let v(k) = -5 + 33*k**2 + 36*k**2 - 70*k**2 + 9*k. Calculate v(6).
13
Let q(m) = m + 1 - 22*m + m**3 + 5*m + 4*m**2 + 0*m**3 + 12*m. Calculate q(-5).
-4
Let u(r) be the first derivative of r**6/120 + r**5/12 - r**4/3 - 7*r**3/6 - 5*r**2 - 15. Let f(h) be the second derivative of u(h). What is f(-6)?
5
Suppose 210 = -15*t + 57*t. Let f(d) = d**3 - 4*d**2 - 3*d - 12. Calculate f(t).
-2
Let j(q) = -q - 4. Suppose 5*w - 2*w - 9 = 0. Suppose 0 = w*h + 3*g - 3, h = -6*g + 2*g + 13. Determine j(h).
-1
Let t(c) = -c**2 - c. Let r(y) = 4*y**2 + 7*y. Let g(f) = 9*f**2 + 14*f + 1. Let z(d) = -3*g(d) + 7*r(d). Let q(b) = 2*t(b) + z(b). Calculate q(3).
3
Let j(m) be the second derivative of 7*m**3/3 + m**2/2 - 60*m. What is j(-2)?
-27
Let i(a) = -45*a + 34*a + 5*a**2 - 4*a**2 + 20*a. Determine i(-8).
-8
Let j(z) = 15*z**2 - 5*z + 10. Let b(x) = 13*x**2 - 4*x + 9. Let m(d) = 7*b(d) - 6*j(d). What is m(-2)?
3
Suppose 6*x + 36 - 6 = 0. Let j be 96/(-15) + 1 - 2/x. Let p(a) = -4*a - 7. Give p(j).
13
Let h(r) be the first derivative of -r**5/40 + r**4/24 - 5*r**3 - 3. Let l(a) be the third derivative of h(a). Calculate l(1).
-2
Let o(h) = 31 - 4*h - 5 - 21 - 4. Give o(3).
-11
Let a(l) = -l**3 + 17*l**2 - 31*l + 19. Let s be a(15). Let w = 1 + 1. Let m(g) = 4*g**2 - 5*g**w + 4*g**2 + 2*g - g**3. Determine m(s).
-8
Let y = -1004 - -1000. Let n(s) = -s**3 - 5*s**2 - 2*s + 4. Determine n(y).
-4
Suppose -8 = 3*s - i - 27, 8 = 2*s - 3*i. Suppose 0 = s*c - 3*c - 12. Suppose 0 = 2*m + 2*m - 2*x - 6, c*m - x = 4. Let f(r) = -r**3 - 1. Calculate f(m).
-2
Let k(w) = -w**3 + 5*w**2 + 3*w - 2. Let q be k(6). Let g = q - -24. Suppose g*a + a = 0. Let s(n) = n**2 + n - 3. Determine s(a).
-3
Let t(m) be the third derivative of -m**5/6 - 7*m**4/24 + m**3 + 250*m**2. What is t(1)?
-11
Suppose -m = -174*z + 177*z, -4*z = -2*m + 10. Let n(b) = -4*b**2 + 3*b + 1. Give n(m).
-26
Let c = 3 - 1. Let i(h) = 6*h**2 - c*h**2 - 3 - 3*h**2. Determine i(3).
6
Let m(c) = c**3 + 5*c**2 + 2*c. Let b be (12/16)/((-18)/48). Calculate m(b).
8
Let v(z) = 4*z + 9. Suppose -33 = 4*y - 9. Determine v(y).
-15
Let k(r) = -31 - 2*r - r + 34. Suppose 0 = -5*a - 0*f + 2*f + 21, a = 2*f + 9. Determine k(a).
-6
Let y(j) = -8*j - 5*j + 14*j - 20 + 10. Give y(7).
-3
Let l(c) = 2 - 5*c**3 - 35*c**3 + 20*c**3 - 3. What is l(-1)?
19
Let b(l) = 5*l**2 + 1. Let q(c) = 3676 - 3676 - c. Let f be q(1). Give b(f).
6
Let l(m) = -m**3 + 4*m**2 - 4. Let w be (-734)/18 + (-24)/108. Let d = w - -45. What is l(d)?
-4
Let r(i) = -i + 2. Let x = 7 - 13. Let y(n) = n**2 + 4*n - 7. Let s be y(x). Suppose -3*t = -2*o - o + 9, s*o - 21 = -t. What is r(o)?
-2
Let f(s) = -2*s + 2. Let v be 1/(5/(-770)*-2). Suppose -5*y = -5*b - 0*b - 105, -4*b = 3*y - v. Suppose -n - 3 = 0, -y = 5*d - 2*n - 4. What is f(d)?
12
Let u(b) be the first derivative of -b**5/120 - 5*b**4/24 - 7*b**3 - 4. Let q(x) be the third derivative of u(x). Determine q(-5).
0
Let r(h) be the third derivative of h**5/60 + h**4/4 - h**3/6 + h**2. Let t(k) = 2*k**2 + 138*k + 2349. Let s be t(-38). Give r(s).
6
Let a(k) = -k**2 - 10*k - 14. Let y be a(-8). Let r be (1/(-6)*y)/(3/(-45)). Let p(x) = -x**2 + 7*x - 6. Give p(r).
4
Let f(b) be the first derivative of -b**3/3 + b**2 - 7*b - 185. Give f(6).
-31
Let i(l) = -l**2 + 9*l - 12. Let q be i(7). Let t(u) = -u - 7. What is t(q)?
-9
Let s(d) = d + 3. Let q(l) = -l**2 - 9*l - 4. Let f be q(-6). Let w = f - 18. Determine s(w).
-1
Let l(b) = -2*b**3 + 5*b**2 + 3*b + 11. Let z(q) = q**3 - 4*q**2 - 2*q - 8. Let o(s) = 2*l(s) + 3*z(s). Give o(-3).
7
Let l(w) = -88 - 5*w + 88. Let p(q) = q. Let b(i) = -l(i) - 6*p(i). Let z(h) = -h + 21. Let o be z(16). Determine b(o).
-5
Suppose -5*o + 5*l + 8 = l, 0 = 2*o + 4*l - 20. Let t(s) = -3 + 0 + 1. Let j(q) = -q. Let a(k) = j(k) + t(k). Calculate a(o).
-6
Let r be -2 + 1 + (0 - 0). Suppose 8*w - 20*w + 72 = 0. Let d(h) = -w*h**2 - 4 + 0 + 4. Calculate d(r).
-6
Let s(n) = -n**3 - n**2 - 8*n - 4. Let v(k) = 2*k**3 + 3*k**2 + 15*k + 7. Let w(b) = -7*s(b) - 4*v(b). Let u(g) = -2*g**2 - g. Let y be u(1). What is w(y)?
-6
Let v(b) = 3*b**2. Suppose -3*l + 5*a = 134, a + 76 + 9 = -2*l. Let p = l + 42. Give v(p).
3
Let f(c) be the third derivative of c**6/120 + 7*c**5/60 + 7*c**4/24 - 5*c**3/6 - 8*c**2. Let y = -25 + 19. What is f(y)?
-11
Let p(f) = 30*f + 13. Let w(v) = 68*v + 26. Let o(b) = -9*p(b) + 4*w(b). Give o(10).
7
Let i = 74 - 68. Let t(m) = 14*m - 6*m**2 + m**3 - 5*m - i*m + 5. Calculate t(5).
-5
Suppose -5*t + 7 = -3. Let w(k) = -3*k**3 - 1 + 5*k + t*k**3 - 1 - 4*k**2. Let y(m) = m**3 - 11*m**2 + 10*m - 5. Let x be y(10). What is w(x)?
-2
Let j(k) = 14*k + 1. Let y(s) = -5*s. Let a(i) = -j(i) - 3*y(i). What is a(-7)?
-8
Let h(i) = i**2 + 2*i + 4. Let x(g) = 16*g + 29. Let z be x(-2). What is h(z)?
7
Let j(z) = -z**3 + 2*z - 1. Suppose 4 = 3*f - y, 0*y - 5*y = 5*f - 20. What is j(f)?
-5
Let o(m) = m**3 + 8*m**2 - 10*m + 15. Suppose 464*a = 470*a + 54. Determine o(a).
24
Let a be 8/(112/7)*12. Let g(k) = -k - 3. Give g(a).
-9
Let m(z) = -z**3 - 14*z**2 - 11*z + 31. Let s be m(-13). Let l(o) = 2*o. Determine l(s).
10
Let a = 7 + 6. Let q(g) = g + 1. Let n be q(1). Suppose s - 1 = n*t - t, t = 4*s - a. Let l(y) = -y**3 + 3*y**2 - y + 3. What is l(t)?
0
Suppose -5*j - 502 = -477. Let d(u) = -2*u - 3. Determine